Suppose 20*q + 1111 = 6971. Is q composite?
False
Suppose -4*z + 1 = 17. Let u be ((-2)/z)/(4/(-8)). Is 2 + u + -2 + 192 composite?
False
Suppose 2*y + 100 = 7*y. Let z = -19 + y. Let x(b) = 920*b**3 - b**2 + b - 1. Is x(z) a prime number?
True
Suppose 9*g = 446798 - 130907. Is g composite?
False
Let v be (0 + -1)*2 + -36. Let b = -36 - v. Suppose -b*c + 314 + 292 = 0. Is c a composite number?
True
Is (2 - 4)/(4/(-1958)) a composite number?
True
Suppose 2200 = 2*r + t, t + 0*t - 5497 = -5*r. Is r prime?
False
Suppose 0 = -x - 3*s + 5648, 4*x + 0*s - 22544 = 4*s. Is x a composite number?
False
Let f(h) = h**3 - 6*h**2 + 2*h - 9. Let a be f(6). Let b(o) = o**2 - 17*o - 8. Let w be b(19). Suppose d + w = a*d. Is d composite?
True
Let c be 6/30 + 18/(-15) + 1. Suppose c = 4*m - 623 - 189. Is m prime?
False
Let j = -28565 + 52696. Is j composite?
True
Let w = 9517 - 3978. Is w a composite number?
True
Let i(s) be the first derivative of s**3/3 - 3*s**2/2 - s - 1. Let z be i(4). Suppose z*x - 2*x = -p + 115, 0 = -4*p. Is x prime?
False
Suppose 41*u - 13197 = 31042. Is u a composite number?
True
Let g(n) = 816*n - 263. Is g(23) a prime number?
False
Suppose 15*c - 11*c + 4 = 0, -5*c + 3680 = 5*m. Is m prime?
False
Let r be 1*(2 + 29)*2. Suppose 5*t + 4*l = r, -3*t + 2 + 31 = l. Let a(k) = 3*k - 9. Is a(t) prime?
False
Is ((-5 - 0) + 132)*(-1059)/(-3) a composite number?
True
Let w = 1841 - 1140. Is w composite?
False
Suppose 3*o - 4835 = -2*o. Is o a composite number?
False
Suppose -c = -3*g + 24798, 2*c - 41320 = -5*g + 7*c. Is g prime?
False
Let x(q) = 6*q**2 - 7*q - 14. Let p be 24/(-20)*(-5)/(-1). Let o be x(p). Suppose -5*t + o = -301. Is t a composite number?
False
Let k = 2750 + 8849. Is k a composite number?
True
Let c(a) = -52*a + 5 + 6*a - 23*a + 0. Is c(-2) a prime number?
False
Let b(k) = -22*k + 9. Let u be b(8). Let w = 254 + u. Suppose -2*p = 2*g - 48, 4*p - w = -4*g + 3*g. Is p a prime number?
False
Let i(y) = -y**3 - 6*y**2 + 5*y - 1. Let p(x) = -3*x**2 - 3*x - 2. Let f be (-6 - -2) + (-8)/(-4). Let c be p(f). Is i(c) composite?
True
Suppose -2*u - 5 = 3*l, 0*u + 2*l + 8 = u. Suppose -u*z = -1642 - 2874. Is z prime?
False
Let j be 45196/(-6)*(14/(-4) - -2). Suppose -5*k + 3*r + 2866 = -j, -4*k + 11332 = 4*r. Is k a prime number?
True
Let f(w) = -4 + 65*w**2 - 3 + 5. Let v(k) = -k**3 + 3*k**2 - 3. Let b be v(3). Is f(b) composite?
True
Is 5*-1 + (-9 - (-48964)/4) a prime number?
True
Let f be 10/(1*(1 - 0)). Suppose f*q - 11*q = -127. Is q composite?
False
Let b = 2368 - 1119. Is b a prime number?
True
Suppose b = -2*b. Suppose b = 2*m - 5*q, -2*m + q = 3*q - 14. Suppose g - 2*s + 116 = 3*g, -2*s = m*g - 290. Is g a composite number?
True
Suppose -2*x + 5*t = 7, -4*x + 5*t - 5 - 14 = 0. Let g(k) = -99*k - 29. Is g(x) prime?
False
Let c(f) = -f + 8. Let p be c(-4). Is 2387 + (-60)/(-14) + p/(-42) a prime number?
False
Suppose -21*w + 43412 + 8143 = 0. Is w a prime number?
False
Let l be ((-15)/(-25))/(2/10). Suppose -l*u + 269 = -502. Is u a prime number?
True
Suppose 43*f = 46*f - 9. Suppose 2*w = -w - 2*c + 2637, 2619 = f*w - 4*c. Is w a prime number?
True
Suppose 5*x - 417 = -z, 3*z = -0*z - 4*x + 1295. Is z a prime number?
False
Let w be (-13 + 1)*(-4)/12. Suppose 5*a - w*a = 649. Is a prime?
False
Let s = 0 + 5. Suppose v = -2*n + 1407, s*n - 3*v - 3495 = -v. Is n composite?
False
Let p(j) = 23*j**2 + 24*j + 145. Is p(-18) a prime number?
False
Let u be (5 - -13010)/1 + -5. Suppose -4*o + u = 3*d, -2*d = o - 1773 - 1482. Is o prime?
True
Let s be 1 + 3/6*2. Suppose -s*q = -2*n - 20, 3*n - 4*n + 8 = 5*q. Let t(d) = -12*d - 5. Is t(n) prime?
True
Let b(p) = p + 8. Suppose -c - 1 - 4 = 0. Let r be b(c). Suppose n + 3*u - 563 = 0, -3*n + r*u = 2*n - 2779. Is n composite?
False
Suppose -3*y = 3*y. Suppose 3*o + 2*c - 52 = y, -33 - 32 = -5*o + c. Is o composite?
True
Let g = 23 + -14. Let k be 2/g - 156/(-27). Suppose -3*p - 3*b = -30, 5*p + 3*b = k*b + 58. Is p a prime number?
True
Let d = -6063 + 16037. Is d a composite number?
True
Let s = 5 - 2. Suppose -s*f - 902 = -f. Let d = f + 882. Is d composite?
False
Suppose 2*r + 381 = p, 5*p - r - 2685 = -816. Suppose -3*s + 149 = -p. Let x = 267 - s. Is x a composite number?
True
Suppose 4*y = 9*y - 20, 2*y - 35668 = -4*g. Is g prime?
False
Is (3/8)/(69/868388)*2 a prime number?
True
Suppose 5*u + t - 6 = -0*t, 3*u + 5*t + 14 = 0. Suppose -3*c + r + 875 = -r, -5*c + u*r + 1465 = 0. Is c prime?
False
Suppose -16*t = -12*t. Let o(n) = n**2 - n - 52. Let m be o(t). Let g = m + 103. Is g prime?
False
Let k(c) be the second derivative of c**4/3 - 4*c**3 + 15*c**2/2 - 2*c. Is k(13) a prime number?
True
Let b(u) = 1306*u - 116. Is b(3) a prime number?
False
Suppose -8 + 4 = -2*l. Suppose -n + 15 = -4*p, -2*p - 7 = n - l*n. Let t(b) = -34*b - 9. Is t(p) a prime number?
True
Suppose 0 = -835*r + 817*r + 66294. Is r a prime number?
False
Let v(s) = s**2 - 2*s + 1. Let l be ((-63)/6 - -6)*4/(-3). Is v(l) composite?
True
Let h(v) = 2*v**2 + 4*v - 1. Let c be h(-3). Suppose 0*j = -c*t - 5*j + 18860, 3*t - 11328 = j. Suppose 4*k = -k + t. Is k a composite number?
True
Let d = 79281 - 56030. Is d a prime number?
True
Suppose 12*x = 16*x - 46676. Is x prime?
False
Suppose -27*g - 28777 = -34*g. Is g a composite number?
False
Let t(n) = n**3 - 9*n**2 - 12*n + 23. Let z be t(10). Let x(g) = 2*g**2 + 2*g - 2. Let r be x(-2). Suppose -z*m - 79 + 264 = r*u, -100 = -u + m. Is u prime?
True
Let i = 11096 + 805. Is i a composite number?
True
Let u = 346 + -195. Suppose -2*v - 74 = -2*b, 4*b + v = 6*v + u. Is b composite?
True
Is 2/4*(1245 + 10 - -7) prime?
True
Let n(w) = 15. Let g(s) = -s + 16. Let a(v) = -5*g(v) + 4*n(v). Is a(15) a composite number?
True
Let d = 842 + 1465. Is d a prime number?
False
Let o = -92 + 139. Suppose 4*z = 4859 - o. Is z prime?
False
Is (-4)/(-3)*2158773/164 a composite number?
False
Let p be (-90)/(22/(-16) - -1). Let x be (-2 + (-20)/(-8))*p. Let n = 197 - x. Is n a prime number?
False
Suppose 0*z - 5*z + 16 = 2*y, 14 = 4*z + y. Suppose -2*x - 3*g = 2*g - 10522, -4*x + z*g + 21044 = 0. Is x a prime number?
True
Let w = 61 + -52. Suppose -w*l = -754 - 3683. Is l a prime number?
False
Let c = -35 - 25. Is (-6146)/(-10) - (-36)/c a prime number?
False
Let h = 33658 + -22757. Is h composite?
True
Is 3123/15*39 - 32/40 a prime number?
False
Let c(j) = -7*j**2 - 4*j. Let u be c(-2). Is (-3 + (-52)/u)*10315/(-2) a composite number?
False
Let x(q) = -646*q + 71. Is x(-6) a prime number?
True
Suppose 5*u - 4*s - 17 = 88, 4*u - 80 = 4*s. Suppose -7957 = -9*v + 8045. Is 5/u - v/(-10) a composite number?
True
Suppose 28*y - 1727 - 989 = 0. Is y prime?
True
Is -1 - 5055*((-1)/(-5) - 1) prime?
False
Let k = -10 - -13. Suppose -k*y + 111 = -87. Is 2246/12 + (-11)/y prime?
False
Let p(b) = -3*b**2 - b**3 + 2*b + 2*b**2 + 2 + 5. Suppose 0 = 5*z + 226 - 201. Is p(z) composite?
False
Let m(y) be the second derivative of y**7/420 - y**6/45 - y**5/30 + 7*y**4/24 - y**3/6 + 2*y. Let a(l) be the second derivative of m(l). Is a(6) composite?
False
Let n(z) = z + 13. Let b be n(-13). Is (-3 - (0 - 3)) + 521 + b composite?
False
Let m = 9 - 0. Suppose 15 + m = 3*v. Is (-46)/v*(13 - 21) prime?
False
Let x = 38669 + 4980. Is x composite?
False
Suppose 2 + 4 = -t + 3*d, 3*t = -3*d + 30. Suppose -2*g = 4, 2*l + 3*g + 18194 = t*l. Is l a prime number?
True
Let g(h) = -525*h - 1. Let m(a) = 525*a. Let b(w) = 7*g(w) + 6*m(w). Is b(-2) composite?
True
Let q = -15 - -17. Suppose -20 = 4*r + 4*z, -3*r + q = -z - 3. Suppose r = 6*d - 1591 - 1343. Is d composite?
True
Let x = -815 + 1474. Is x a prime number?
True
Let r be 3/(-1 + 4)*-1. Is 5 - -2*(r - -503) composite?
False
Suppose 0 = -h + 30 - 35. Is 2 - (-8305)/h*-1 composite?
False
Let i be (54/(-24))/(2/(-23960)). Suppose -12*n + 3*n + i = 0. Is n a composite number?
True
Let a(p) = 4*p + 7 - 13*p**2 - 2*p + 125*p**2 + 4*p. Is a(-2) a prime number?
True
Suppose -29*j + 7*j = -97922. Is j a prime number?
True
Let u be ((-20)/3)/((-8)/6696). Suppose a + u = 4*a. Suppose -785 - a = -5*l. Is l a composite number?
True
Suppose 2*s - 12 = 5*s. Let q(l) = -l**3 - 3*l**2 + 2*l + 8. Let i be q(s). Let k(j) = -j**3 + 18*j**2 - 17*j + 13. Is k(i) a composite number?
T